{"id":991,"date":"2019-01-08T11:38:06","date_gmt":"2019-01-08T11:38:06","guid":{"rendered":"http:\/\/xn--schtzenverein-weckhoven-epc.de\/?page_id=991"},"modified":"2019-01-08T12:01:46","modified_gmt":"2019-01-08T12:01:46","slug":"schuetzenkoenige-3","status":"publish","type":"page","link":"https:\/\/xn--schtzenverein-weckhoven-epc.de\/?page_id=991","title":{"rendered":"Sch\u00fctzenk\u00f6nige"},"content":{"rendered":"\n<h3 class=\"wp-block-heading\">1932 &#8211; 1968<\/h3>\n\n\n\n<table class=\"wp-block-table\"><tbody><tr><td>1932<\/td><td>August M\u00fcller<\/td><\/tr><tr><td>1933<\/td><td>Josef Otten<\/td><\/tr><tr><td>1934<\/td><td>Heinrich Schl\u00fcter<\/td><\/tr><tr><td>1935<\/td><td>Heinrich M\u00e4schig<\/td><\/tr><tr><td>1936<\/td><td>Heinrich Haufs<\/td><\/tr><tr><td>1937<\/td><td>Peter Granderath<\/td><\/tr><tr><td>1938<\/td><td>Bernhard Schr\u00f6der<\/td><\/tr><tr><td>1939<\/td><td>Melchior Schmitz<\/td><\/tr><tr><td>1940-1948<\/td><td>kein Sch\u00fctzenfest<\/td><\/tr><tr><td>1949<\/td><td>Theo Angst u. Trude\n  Markus<\/td><\/tr><tr><td>1950<\/td><td>Johann u. Elisabeth\n  Leusch<\/td><\/tr><tr><td>1951<\/td><td>Fritz u. Elisabeth\n  Linkamp<\/td><\/tr><tr><td>1952<\/td><td>Josef u. Katharina\n  Bolz<\/td><\/tr><tr><td>1953<\/td><td>Christian u. Agnes\n  Phillipps<\/td><\/tr><tr><td>1954<\/td><td>Johann u. Grete\n  Flintz<\/td><\/tr><tr><td>1955<\/td><td>Johann u. Josefine\n  Pullen<\/td><\/tr><tr><td>1956<\/td><td>Wilhelm u. Elisabeth\n  Dax<\/td><\/tr><tr><td>1957<\/td><td>Alfred u. Katharina\n  Sperling<\/td><\/tr><tr><td>1958<\/td><td>Heinrich u. Anna\n  Schr\u00f6der<\/td><\/tr><tr><td>1959<\/td><td>Karl u. Barbara Nover<\/td><\/tr><tr><td>1960<\/td><td>Peter u. Gerti\n  Schl\u00fcter<\/td><\/tr><tr><td>1961<\/td><td>Karl u. Annemarie\n  Markus<\/td><\/tr><tr><td>1962<\/td><td>Willi u. Elisabeth\n  Schroeder<\/td><\/tr><tr><td>1963<\/td><td>Hubert u. Karoline\n  Ermbter<\/td><\/tr><tr><td>1964<\/td><td>Johann u. Maria\n  Lenerz<\/td><\/tr><tr><td>1965<\/td><td>Franz Pazdernik<\/td><\/tr><tr><td>1966<\/td><td>Theo u. K\u00e4the\n  Wingerath<\/td><\/tr><tr><td>1967<\/td><td>Matthias u. Katharina\n  Hoster<\/td><\/tr><tr><td>1968<\/td><td>Paul u. Elisabeth\n  Engels<\/td><\/tr><\/tbody><\/table>\n\n\n\n<p><a href=\"http:\/\/xn--schtzenverein-weckhoven-epc.de\/?page_id=993\">weiter zu 1969 &#8211; 1998<\/a><\/p>\n","protected":false},"excerpt":{"rendered":"<p>1932 &#8211; 1968 1932 August M\u00fcller 1933 Josef Otten 1934 Heinrich Schl\u00fcter 1935 Heinrich M\u00e4schig 1936 Heinrich Haufs 1937 Peter Granderath 1938 Bernhard Schr\u00f6der 1939 Melchior Schmitz 1940-1948 kein Sch\u00fctzenfest 1949 Theo Angst u. Trude Markus 1950 Johann u. Elisabeth Leusch 1951 Fritz u. Elisabeth Linkamp 1952 Josef u. Katharina Bolz 1953 Christian u. Agnes Phillipps 1954 Johann u. Grete Flintz 1955 Johann u. Josefine Pullen 1956 Wilhelm u. Elisabeth Dax 1957 Alfred u. Katharina Sperling 1958 Heinrich u. Anna&#8230;<\/p>\n<p class=\"read-more\"><a class=\"btn btn-default\" href=\"https:\/\/xn--schtzenverein-weckhoven-epc.de\/?page_id=991\">Weiterlesen<span class=\"screen-reader-text\"> Weiterlesen<\/span><\/a><\/p>\n","protected":false},"author":2,"featured_media":0,"parent":67,"menu_order":3,"comment_status":"closed","ping_status":"closed","template":"","meta":{"_mc_calendar":[],"footnotes":""},"class_list":["post-991","page","type-page","status-publish","hentry"],"_links":{"self":[{"href":"https:\/\/xn--schtzenverein-weckhoven-epc.de\/index.php?rest_route=\/wp\/v2\/pages\/991","targetHints":{"allow":["GET"]}}],"collection":[{"href":"https:\/\/xn--schtzenverein-weckhoven-epc.de\/index.php?rest_route=\/wp\/v2\/pages"}],"about":[{"href":"https:\/\/xn--schtzenverein-weckhoven-epc.de\/index.php?rest_route=\/wp\/v2\/types\/page"}],"author":[{"embeddable":true,"href":"https:\/\/xn--schtzenverein-weckhoven-epc.de\/index.php?rest_route=\/wp\/v2\/users\/2"}],"replies":[{"embeddable":true,"href":"https:\/\/xn--schtzenverein-weckhoven-epc.de\/index.php?rest_route=%2Fwp%2Fv2%2Fcomments&post=991"}],"version-history":[{"count":3,"href":"https:\/\/xn--schtzenverein-weckhoven-epc.de\/index.php?rest_route=\/wp\/v2\/pages\/991\/revisions"}],"predecessor-version":[{"id":1011,"href":"https:\/\/xn--schtzenverein-weckhoven-epc.de\/index.php?rest_route=\/wp\/v2\/pages\/991\/revisions\/1011"}],"up":[{"embeddable":true,"href":"https:\/\/xn--schtzenverein-weckhoven-epc.de\/index.php?rest_route=\/wp\/v2\/pages\/67"}],"wp:attachment":[{"href":"https:\/\/xn--schtzenverein-weckhoven-epc.de\/index.php?rest_route=%2Fwp%2Fv2%2Fmedia&parent=991"}],"curies":[{"name":"wp","href":"https:\/\/api.w.org\/{rel}","templated":true}]}}