{"id":41,"date":"2016-04-20T17:42:44","date_gmt":"2016-04-20T17:42:44","guid":{"rendered":"http:\/\/xn--schtzenverein-weckhoven-epc.de\/?page_id=41"},"modified":"2023-08-07T12:11:50","modified_gmt":"2023-08-07T10:11:50","slug":"sappeure","status":"publish","type":"page","link":"https:\/\/xn--schtzenverein-weckhoven-epc.de\/?page_id=41","title":{"rendered":"Sappeure"},"content":{"rendered":"\n<figure class=\"wp-block-image size-large\"><img loading=\"lazy\" decoding=\"async\" width=\"736\" height=\"1024\" src=\"https:\/\/xn--schtzenverein-weckhoven-epc.de\/wp-content\/uploads\/2023\/08\/sapp-736x1024.jpg\" alt=\"\" class=\"wp-image-1490\" srcset=\"https:\/\/xn--schtzenverein-weckhoven-epc.de\/wp-content\/uploads\/2023\/08\/sapp-736x1024.jpg 736w, https:\/\/xn--schtzenverein-weckhoven-epc.de\/wp-content\/uploads\/2023\/08\/sapp-216x300.jpg 216w, https:\/\/xn--schtzenverein-weckhoven-epc.de\/wp-content\/uploads\/2023\/08\/sapp-768x1069.jpg 768w, https:\/\/xn--schtzenverein-weckhoven-epc.de\/wp-content\/uploads\/2023\/08\/sapp-1104x1536.jpg 1104w, https:\/\/xn--schtzenverein-weckhoven-epc.de\/wp-content\/uploads\/2023\/08\/sapp-194x270.jpg 194w, https:\/\/xn--schtzenverein-weckhoven-epc.de\/wp-content\/uploads\/2023\/08\/sapp.jpg 1150w\" sizes=\"auto, (max-width: 736px) 100vw, 736px\" \/><\/figure>\n\n\n\n<p><\/p>\n\n\n\n<p>Im Jahre 1875 gr\u00fcndete sich der damalige Sappeurzug Weckhoven aus den Mitgliedern des Sch\u00fctzenvereins\u00a0 St. Ferdinandus Weckhoven. Aus m\u00fcndlichen \u00dcberlieferungen ist bekannt, dass im April dieses Jahres aus einer Bierlaune heraus, einige Weckhovener B\u00fcrger beschlossen, neben den Grenadieren auch Sappeure im Regiment mitmarschieren zu lassen. Leider konnten aus den Kassenb\u00fcchern des Sch\u00fctzenvereins die Namen der Gr\u00fcnder nicht einwandfrei identifiziert werden, da keine zugweise Anmeldung, sondern fortlaufende Eintragung\u00a0erfolgte.<\/p>\n\n\n\n<p>Johann Bolz, Mitglied des Sappeurzuges Weckhoven vor dem Ersten Weltkrieg, konnte uns die Namen Wilhelm L`honneux, Martin L`honneux, Peter Conrads, Jakob Thun, Heinrich Meuter und Wilhelm Heubach nennen, die in dieser Zeit den blauen Sappeurrock getragen haben.&nbsp;Als nach dem 1.Weltkrieg (1914-1918) im Jahre 1920 wieder ein Sch\u00fctzenfest in Weckhoven gefeiert werden durfte, waren die Gebr.L`honneux, Peter Conrads und Heinrich Meuter wieder dabei. Mit ziemlicher Gewissheit sind in dieser Zeit auch die Namen Josef Gippert (Lehrer in Weckhoven), Heinrich Haufs, Christian Becker, Johann Brandt, Fritz Schraa, Josef M\u00fcller, Josef Justenhoven und Josef Wetschjovek im Sappeurkorps mitmarschiert.<\/p>\n\n\n\n<p>1922, 1923 und 1924 fiel in Weckhoven das Sch\u00fctzenfest wegen Inflation aus. Martin L`honneux und Josef Gippert \u00fcbernahmen im Jahre 1925 die Aufgabe, die Sappeure neu zu formieren und sie anzuf\u00fchren. Auch 1926 f\u00fchrten diese beiden die Sappeure durch Weckhoven.&nbsp;Der unvergessene Rainer Clemens \u00fcbernahm im Jahre 1927 das Kommando \u00fcber die Sappeure und stand bis 1955 dem Sappeurzug als Hauptmann vor. Am 23.April 1950 beging der Sappeurzug sein 75 j\u00e4hriges Bestehen.<\/p>\n\n\n\n<p>Nach vorhandenen Zeitungsberichten herrschte an diesem Tage in Weckhoven echte Kirmesstimmung, zumal die Bev\u00f6lkerung und befreundete Sappeure regen&nbsp;Anteil nahmen. 1956 l\u00f6ste der bisherige Oberleutnant Johann Piel den bew\u00e4hrten Rainer Clemens als Hauptmann ab und schritt den Sappeuren bis zur 100-Jahr Feier des Sch\u00fctzenvereins im Jahre 1963 voran. Aus den Reihen der Sappeure ging im Jahre 1959 wieder ein Sch\u00fctzenk\u00f6nig hervor. Gro\u00dfe Freude herrschte, als der amtierende Oberleutnant Karl Nover, nach Heinrich Haufs, der im Jahre 1936 Sch\u00fctzenk\u00f6nig von Weckhoven war, in diesem Jahr diese W\u00fcrde erringen konnte.<\/p>\n\n\n\n<p>Leider musste nach der 100-Jahr Feier des Sch\u00fctzenvereins, Johann Piel und einige weitere Sappeure ihrem Alter Tribut zollen und nahmen Abschied vom aktiven Sch\u00fctzenleben. Ein neuer Aufbau war erforderlich. In dieser schweren Zeit \u00fcbernahm der bisherige Oberleutnant Karl Nover die Verantwortung und konnte in kurzer Zeit die Truppe wieder zu einer stattlichen Zahl f\u00fchren. Als Oberleutnant wurde Rudolf Fechner gew\u00e4hlt. Das 90-j\u00e4hriger Jubil\u00e4um wurde am 30.4.1965 im Saale Deuss gefeiert. In diesem Jahre erhielt der Sappeurzug vom Sch\u00fctzenverein als Anerkennung f\u00fcr sein 90-j\u00e4hriges Mitwirken die offizielle Bezeichnung&nbsp;<strong>&#8222;<\/strong>&nbsp;Sappeurkorps &#8220; zugesprochen; geh\u00f6rten aber weiterhin dem Grenadierkorps an. Im Jahre 1968 trat der bisherige Spie\u00df Philipp Ippers die F\u00fchrung an. Nachdem der altersbedingte Neuaufbau abgeschlossen war und die Sappeure mit 12 Aktiven &#8222;de Lingeplatz erop &#8220; kamen, fallen in dieser Zeit die Anschaffung der ersten eigenen Uniformen. Im Jahre 1970 konnte erstmalig in kompletten, eigenen Uniformen aufmarschiert werden. Den vielen begeisterten Zuschauern wurde ein Bild geboten, wie es imposanter kaum m\u00f6glich war. In diesem Jahr fiel auch die Neuanschaffung einer zweiten Uniform, Bestehend aus einer Clubjacke und grauer Hose, ist sie als Erweiterung zu der ersten Uniformgarnitur gedacht. Getragen wird sie bei Veranstaltungen die au\u00dferhalb&nbsp;der Umz\u00fcge liegen. Auch der Zusammenschluss von 40 Sappeurkorps zu einer Interessengemeinschaft ist auf die Jubil\u00e4umsfeier am Sch\u00fctzenfestsonntag 1975 zur\u00fcckzuf\u00fchren. Seit Anschaffung der Regimentsfahne im Jahre 1978 bis 1994 wurde sie von den Sappeuren, dem Sch\u00fctzenregiment vorangetragen.<\/p>\n\n\n\n<p>Hauptmann Philipp Ippers musste aus gesundheitlichen Gr\u00fcnden im Jahre 1981 die Verantwortung f\u00fcr die Sappeure niederlegen. Seit diesem Zeitpunkt habe ich die F\u00fchrung des Sappeurkorps \u00fcbernommen. Zum Sch\u00fctzenfest 1995 stellte das Sappeurkorps nach 36 Jahren wieder einmal den Sch\u00fctzenk\u00f6nig.<\/p>\n\n\n\n<p>Der langj\u00e4hrige Spie\u00df Friedrich Kokesch, konnte sich gegen zwei Mitbewerber an der Vogelstange durchsetzen, und stellte mit seiner K\u00f6nigin Marlene ein sympathisches K\u00f6nigspaar dar. Ein weiterer H\u00f6hepunkt in diesem Jahr war auch die Bef\u00f6rderung des Sappeurhauptmanns durch Oberst Herbert Breuer am Kirmesmontag zum Major. Offensichtlich auf die Entstehungsgeschichte zur\u00fcckf\u00fchrend, waren die Sappeure bis zu diesem Zeitpunkt dem Grenadierkorps angeschlossen. Durch die Bef\u00f6rderung wurden die Sappeure damit nach 120 Jahren erstmalig ein eigenst\u00e4ndiges und gleichberechtigtes Korps im Regiment.<\/p>\n\n\n\n<p>Das Land NRW feierte am 1.9.1996 in der Landeshauptstadt D\u00fcsseldorf sein 50-j\u00e4hriges Bestehen. Aus allen Gebieten des Landes wurden Abordnungen geschickt, die einen&nbsp;ca.6,5 km langen Festzug mit ca.5000 Teilnehmer bildeten. Das Sappeurkorps Weckhoven durfte hierbei gemeinsam mit den Vorreitern und den Edelknaben aus der Innenstadt die Stadt Neuss vertreten. Aber nicht nur dem Sch\u00fctzenwesen haben sich die Weckhovener Sappeure verschrieben, auch auf die Hilfe im sozialen Bereich, legt das Korps gro\u00dfen Wert. So werden seit vielen Jahren Aktivit\u00e4ten unternommen, um Menschen, die in Not geraten sind, zu helfen. Im Jahre 1992 f\u00fchrten die Sappeure anl\u00e4sslich des furchtbaren Krieges in Jugoslawien eine Sammlung in Weckhoven durch, die mehr als 8 Tonnen schweres Spendenaufkommen an Nahrung, Kleidern und anderen&nbsp;Hilfsmitteln erbrachten. Zum Neusser Sch\u00fctzenfest unterhalten die Sappeure mit ihren Frauen seit vielen Jahren einen Getr\u00e4nkestand. Ein Teil der Einnahmen wurde seit Beginn f\u00fcr caritative und soziale Notwendigkeiten verwandt. Seit 1995 verkaufen die M\u00e4nner, Frauen und Kinder des Sappeurkorps Weckhoven selbstgebackenen und gespendeten Kuchen, Grillw\u00fcrste, Kaffee und sonstiges Geb\u00e4ck beim Moselstrassenfest ebenfalls ausschlie\u00dflich f\u00fcr einen sozialen Zweck. So konnte bisher mehr als 30.000 ,-\u20ac aus den Einnahmen zur Verf\u00fcgung gestellt werden. Wenn man abschlie\u00dfend die Zeitspanne r\u00fcckschauend betrachtet, kann das Sappeurkorps Weckhoven zufrieden und stolz sein Trotz schwieriger Zeiten und widriger Umst\u00e4nde in den jetzt 133 Jahren, ist die Gemeinschaft gewachsen und hat sich weiterentwickelt. Die Sappeure haben heute im Weckhovener Sch\u00fctzenwesen einen festen Platz und sind eine tragende S\u00e4ule im Regiment. Sie zeigen sich gegen\u00fcber den Problemen in unserer Gesellschaft aufgeschlossen und hilfsbereit. Den zuk\u00fcnftigen Jahren kann das Korps mit Vertrauen und Zuversicht entgegenschauen.<\/p>\n\n\n<div class=\"wp-block-image\">\n<figure class=\"aligncenter\"><a href=\"http:\/\/xn--schtzenverein-weckhoven-epc.de\/wp-content\/uploads\/2018\/09\/Foto-Sch\u00fctzenfest-2018.jpg\"><img loading=\"lazy\" decoding=\"async\" width=\"1024\" height=\"617\" src=\"http:\/\/xn--schtzenverein-weckhoven-epc.de\/wp-content\/uploads\/2018\/09\/Foto-Sch\u00fctzenfest-2018-1024x617.jpg\" alt=\"Sappeure - Sch\u00fctzenfest 2018\" class=\"wp-image-916\" srcset=\"https:\/\/xn--schtzenverein-weckhoven-epc.de\/wp-content\/uploads\/2018\/09\/Foto-Sch\u00fctzenfest-2018-1024x617.jpg 1024w, https:\/\/xn--schtzenverein-weckhoven-epc.de\/wp-content\/uploads\/2018\/09\/Foto-Sch\u00fctzenfest-2018-300x181.jpg 300w, https:\/\/xn--schtzenverein-weckhoven-epc.de\/wp-content\/uploads\/2018\/09\/Foto-Sch\u00fctzenfest-2018-768x462.jpg 768w, https:\/\/xn--schtzenverein-weckhoven-epc.de\/wp-content\/uploads\/2018\/09\/Foto-Sch\u00fctzenfest-2018-448x270.jpg 448w, https:\/\/xn--schtzenverein-weckhoven-epc.de\/wp-content\/uploads\/2018\/09\/Foto-Sch\u00fctzenfest-2018.jpg 1390w\" sizes=\"auto, (max-width: 1024px) 100vw, 1024px\" \/><\/a><figcaption class=\"wp-element-caption\">Sappeure &#8211; Sch\u00fctzenfest 2018<\/figcaption><\/figure>\n<\/div>\n\n\n<p><\/p>\n","protected":false},"excerpt":{"rendered":"<p>Im Jahre 1875 gr\u00fcndete sich der damalige Sappeurzug Weckhoven aus den Mitgliedern des Sch\u00fctzenvereins\u00a0 St. Ferdinandus Weckhoven. Aus m\u00fcndlichen \u00dcberlieferungen ist bekannt, dass im April dieses Jahres aus einer Bierlaune heraus, einige Weckhovener B\u00fcrger beschlossen, neben den Grenadieren auch Sappeure im Regiment mitmarschieren zu lassen. Leider konnten aus den Kassenb\u00fcchern des Sch\u00fctzenvereins die Namen der Gr\u00fcnder nicht einwandfrei identifiziert werden, da keine zugweise Anmeldung, sondern fortlaufende Eintragung\u00a0erfolgte. Johann Bolz, Mitglied des Sappeurzuges Weckhoven vor dem Ersten Weltkrieg, konnte uns die&#8230;<\/p>\n<p class=\"read-more\"><a class=\"btn btn-default\" href=\"https:\/\/xn--schtzenverein-weckhoven-epc.de\/?page_id=41\">Weiterlesen<span class=\"screen-reader-text\"> Weiterlesen<\/span><\/a><\/p>\n","protected":false},"author":2,"featured_media":83,"parent":19,"menu_order":2,"comment_status":"closed","ping_status":"closed","template":"","meta":{"_mc_calendar":[],"footnotes":""},"class_list":["post-41","page","type-page","status-publish","has-post-thumbnail","hentry"],"_links":{"self":[{"href":"https:\/\/xn--schtzenverein-weckhoven-epc.de\/index.php?rest_route=\/wp\/v2\/pages\/41","targetHints":{"allow":["GET"]}}],"collection":[{"href":"https:\/\/xn--schtzenverein-weckhoven-epc.de\/index.php?rest_route=\/wp\/v2\/pages"}],"about":[{"href":"https:\/\/xn--schtzenverein-weckhoven-epc.de\/index.php?rest_route=\/wp\/v2\/types\/page"}],"author":[{"embeddable":true,"href":"https:\/\/xn--schtzenverein-weckhoven-epc.de\/index.php?rest_route=\/wp\/v2\/users\/2"}],"replies":[{"embeddable":true,"href":"https:\/\/xn--schtzenverein-weckhoven-epc.de\/index.php?rest_route=%2Fwp%2Fv2%2Fcomments&post=41"}],"version-history":[{"count":9,"href":"https:\/\/xn--schtzenverein-weckhoven-epc.de\/index.php?rest_route=\/wp\/v2\/pages\/41\/revisions"}],"predecessor-version":[{"id":1491,"href":"https:\/\/xn--schtzenverein-weckhoven-epc.de\/index.php?rest_route=\/wp\/v2\/pages\/41\/revisions\/1491"}],"up":[{"embeddable":true,"href":"https:\/\/xn--schtzenverein-weckhoven-epc.de\/index.php?rest_route=\/wp\/v2\/pages\/19"}],"wp:featuredmedia":[{"embeddable":true,"href":"https:\/\/xn--schtzenverein-weckhoven-epc.de\/index.php?rest_route=\/wp\/v2\/media\/83"}],"wp:attachment":[{"href":"https:\/\/xn--schtzenverein-weckhoven-epc.de\/index.php?rest_route=%2Fwp%2Fv2%2Fmedia&parent=41"}],"curies":[{"name":"wp","href":"https:\/\/api.w.org\/{rel}","templated":true}]}}