{"id":39,"date":"2016-04-20T17:42:14","date_gmt":"2016-04-20T17:42:14","guid":{"rendered":"http:\/\/xn--schtzenverein-weckhoven-epc.de\/?page_id=39"},"modified":"2025-03-06T12:36:20","modified_gmt":"2025-03-06T10:36:20","slug":"vorreiter","status":"publish","type":"page","link":"https:\/\/xn--schtzenverein-weckhoven-epc.de\/?page_id=39","title":{"rendered":"Vorreiter"},"content":{"rendered":"\n<div class=\"wp-block-group is-content-justification-right is-nowrap is-layout-flex wp-container-core-group-is-layout-fd526d70 wp-block-group-is-layout-flex\">\n<figure class=\"wp-block-image size-full is-resized\"><img loading=\"lazy\" decoding=\"async\" width=\"364\" height=\"368\" src=\"https:\/\/xn--schtzenverein-weckhoven-epc.de\/wp-content\/uploads\/2025\/03\/2025-03-04-13_29_26-NVIDIA-GeForce-Overlay-DT.png\" alt=\"\" class=\"wp-image-1675\" style=\"width:184px;height:auto\" srcset=\"https:\/\/xn--schtzenverein-weckhoven-epc.de\/wp-content\/uploads\/2025\/03\/2025-03-04-13_29_26-NVIDIA-GeForce-Overlay-DT.png 364w, https:\/\/xn--schtzenverein-weckhoven-epc.de\/wp-content\/uploads\/2025\/03\/2025-03-04-13_29_26-NVIDIA-GeForce-Overlay-DT-297x300.png 297w, https:\/\/xn--schtzenverein-weckhoven-epc.de\/wp-content\/uploads\/2025\/03\/2025-03-04-13_29_26-NVIDIA-GeForce-Overlay-DT-267x270.png 267w\" sizes=\"auto, (max-width: 364px) 100vw, 364px\" \/><\/figure>\n<\/div>\n\n\n\n<figure class=\"wp-block-image size-large\"><img loading=\"lazy\" decoding=\"async\" width=\"1024\" height=\"794\" src=\"https:\/\/xn--schtzenverein-weckhoven-epc.de\/wp-content\/uploads\/2025\/03\/Vorreiter-Achim-Werner-Uwe-Joohannes-Dieter-5-1024x794.jpg\" alt=\"\" class=\"wp-image-1667\" srcset=\"https:\/\/xn--schtzenverein-weckhoven-epc.de\/wp-content\/uploads\/2025\/03\/Vorreiter-Achim-Werner-Uwe-Joohannes-Dieter-5-1024x794.jpg 1024w, https:\/\/xn--schtzenverein-weckhoven-epc.de\/wp-content\/uploads\/2025\/03\/Vorreiter-Achim-Werner-Uwe-Joohannes-Dieter-5-300x233.jpg 300w, https:\/\/xn--schtzenverein-weckhoven-epc.de\/wp-content\/uploads\/2025\/03\/Vorreiter-Achim-Werner-Uwe-Joohannes-Dieter-5-768x596.jpg 768w, https:\/\/xn--schtzenverein-weckhoven-epc.de\/wp-content\/uploads\/2025\/03\/Vorreiter-Achim-Werner-Uwe-Joohannes-Dieter-5-1536x1192.jpg 1536w, https:\/\/xn--schtzenverein-weckhoven-epc.de\/wp-content\/uploads\/2025\/03\/Vorreiter-Achim-Werner-Uwe-Joohannes-Dieter-5-2048x1589.jpg 2048w, https:\/\/xn--schtzenverein-weckhoven-epc.de\/wp-content\/uploads\/2025\/03\/Vorreiter-Achim-Werner-Uwe-Joohannes-Dieter-5-348x270.jpg 348w\" sizes=\"auto, (max-width: 1024px) 100vw, 1024px\" \/><figcaption class=\"wp-element-caption\">von links nach rechts: Achim Moll, Werner Hartmann , Uwe Benthin, Johannes Gehmann, Dieter Moll<\/figcaption><\/figure>\n\n\n\n<p>Die <strong>Vorreiter oder auch K\u00fcrassiere<\/strong> genannt, sind die \u00e4lteste Gruppe der fr\u00fchzeitlichen Kavallerie und leiten sich aus dem Wort K\u00fcrass ab, das den Brust-, und R\u00fcckenpanzer der Reiter bezeichnet. Die Bezeichnung \u201eK\u00fcrisser\u201c stand im 15. Jahrhundert f\u00fcr die vollger\u00fcsteten Ritter. Panzerreiter in Weckhoven sind eine Gruppe von drei Reitern, die an der Spitze des Regiments auf ihren Kaltbl\u00fctern reiten. Dabei handelt es sich um zwei K\u00fcrassiere (mit goldenem K\u00fcrass, cremefarbenen Waffenrock, Raupenhelm und L\u00f6wenkopfs\u00e4bel) und einem Standartentr\u00e4ger, der im Grenadierfrack gekleidet ist.<\/p>\n\n\n\n<p><strong>1993<\/strong> wurde \u00fcber Artillerist Rolf Stein, Martin Kluth in Erw\u00e4gung gezogen eine Vorreitergruppe zu bilden. Es gab Schwierigkeiten im Vorstand, dabei spielte die Kostenfrage eine bedeutende Rolle. Dennoch riefen Martin Kluth und Alois Raspels eine Gr\u00fcndungsversammlung ein.<\/p>\n\n\n\n<p>Daraufhin traf man sich an einem Sonntagmorgen in der Gastst\u00e4tte \u201eZur alten Post\u201c und gr\u00fcndete die Vorreiter, zu denen Robert Schneider, Rolf Steins und Ralf Molz gew\u00e4hlt wurden. Die Kostenfrage wurde gel\u00f6st, einen Teil der Kosten trug der Sch\u00fctzenverein und der andere Teil wurde von den Vorreitern und G\u00f6nnern getragen. Somit hatten die Weckhovener Sch\u00fctzen Vorreiter im Sch\u00fctzenregiment.<\/p>\n\n\n\n<p>Bis zum Jahre<strong> 1998<\/strong> f\u00fchrte Rolf Steins die Vorreiter, wonach es einen wechsel gab. Willi Pergens und Willi Spicker \u2013 Pergens wurden K\u00fcrassiere, Fahnentr\u00e4ger G\u00fcnther Ludwigs. Die Funktion als Fahnentr\u00e4ger wurde schon bald durch Willi Spicker \u2013 Pergens abgel\u00f6st, der auch die Funktion als Chef der Vorreiter \u00fcbernahm. An seiner Seite ritten nun Georg Krull und Hans Melzer.<\/p>\n\n\n\n<p>Durch den fr\u00fchen Tod von Willi Spicker \u2013 Pergens \u00fcbernahm Hans Melzer <strong>2007<\/strong> die Vorreiter und damit auch das Amt des Vorsitzenden bis 2011. An seiner Seite ritten als K\u00fcrassiere Johannes Gehmann, Bernd Schauerte &#8211; K\u00f6rling, G\u00fcnter Schwittay.<\/p>\n\n\n\n<p>Nach einer Neuwahl der Vorreiter wurde G\u00fcnter Schwittay zum Vorreiter Chef, an seiner Seite ritten Achim Moll und Michael Klug.<\/p>\n\n\n\n<p>Im Jahr <strong>2014<\/strong>&nbsp; l\u00f6sten sich Vorreiter auf, sodass die Weckhovener Sch\u00fctzen im Jahr 2015 beinahe keine Vorreiter im Sch\u00fctzenregiment pr\u00e4sentieren konnten. Daraufhin suchte Achim Moll kurzerhand nach geeigneten Reitern. Er fand in seinem Reitverein Daniel Thomas, welcher sich sofort bereit erkl\u00e4rte. Dritter im Bunde wurde Hans Melzer.&nbsp;&nbsp;&nbsp;&nbsp;&nbsp;&nbsp;&nbsp;&nbsp;&nbsp;&nbsp;&nbsp;&nbsp;&nbsp;&nbsp;<\/p>\n\n\n\n<p class=\"has-text-align-left\">Alles begann mit gro\u00dfen Schwierigkeiten. Auch die Kosten waren nicht au\u00dfer acht zu lassen. Diese werden durch die Vorreiter selbst, aber vor allem durch die vielen G\u00f6nner der Vorreiter getragen. Hiervon wurden neue Panzer und Helme gekauft, die dem Weckhovener Sch\u00fctzenverein nunmehr geh\u00f6ren. Gerne m\u00f6chten wir uns an dieser Stelle bei allen passiven Mitgliedern f\u00fcr die gro\u00dfz\u00fcgige Unterst\u00fctzung bedanken.\u00a0\u00a0<br>Im gleichen Jahr schlossen sich die Vorreiter dem Reitercorps Weckhoven an. Hierbei gilt ein besonderer Dank an das Reitercorps, unter der F\u00fchrung von Werner Hartmann. Er hat sich stark f\u00fcr die Vorreiter engagiert und voller Freude diesem Zusammenschluss zugestimmt.<\/p>\n\n\n\n<p>Im Jahr <strong>2017<\/strong> l\u00f6ste Uwe Benthin, Hans Melzer als Standartentr\u00e4ger ab. Somit waren nach drei Jahren die heutigen Vorreiter f\u00fcr Weckhoven gefunden. Als Ersatzreiter und viertes Mitglied haben die Vorreiter Dieter Moll in Ihren Reihen aufgenommen.<\/p>\n\n\n\n<p>Mit Dieter Moll stellten somit die Vorreiter mit vollem \u201e<em>STOLZ\u201c<\/em>&nbsp; auch den Sch\u00fctzenpr\u00e4sidenten von Weckhoven!<\/p>\n\n\n\n<p>Im Jahr <strong>2022<\/strong> haben sich die Vorreiter wieder vom Reitercorps getrennt. Gleichzeitig hat&nbsp;&nbsp;&nbsp; Daniel Thomas die Vorreiter verlassen. Umgehend haben sich zwei neue Anw\u00e4rter bereit erkl\u00e4rt der Vorreitergemeinschaft als Aktive beizutreten. Es sind der Ehrenreiterchef Werner Hartmann und ein altbekannter ehemaliger Vorreiter, Johannes Gehmann.<\/p>\n\n\n\n<p><strong>9.Juni 2024<\/strong>, ein Datum, das in die Geschichte der Vorreiter eingeht. Es ist das erste Mal beim Weckhovener Sch\u00fctzenfest, dass sich vier Vorreiter zu Pferd pr\u00e4sentierten. An der Spitze Werner Hartmann, gefolgt vom Regiments-Fahnentr\u00e4ger. Dieser wurde links und rechts von den K\u00fcrassieren mit ihren goldgl\u00e4nzenden Panzer und dem strahlenden Raupenhelm eingerahmt.<br><br>Vorreiter Werner Hartmann wurde zudem an diesem Tag zum Ehrenmitglied des Weckhovener Regiments gek\u00fcrt.<\/p>\n\n\n\n<figure class=\"wp-block-image size-large\"><img loading=\"lazy\" decoding=\"async\" width=\"1024\" height=\"462\" src=\"https:\/\/xn--schtzenverein-weckhoven-epc.de\/wp-content\/uploads\/2025\/03\/2025-03-04-13_23_27-NVIDIA-GeForce-Overlay-DT-1024x462.png\" alt=\"\" class=\"wp-image-1669\" srcset=\"https:\/\/xn--schtzenverein-weckhoven-epc.de\/wp-content\/uploads\/2025\/03\/2025-03-04-13_23_27-NVIDIA-GeForce-Overlay-DT-1024x462.png 1024w, https:\/\/xn--schtzenverein-weckhoven-epc.de\/wp-content\/uploads\/2025\/03\/2025-03-04-13_23_27-NVIDIA-GeForce-Overlay-DT-300x135.png 300w, https:\/\/xn--schtzenverein-weckhoven-epc.de\/wp-content\/uploads\/2025\/03\/2025-03-04-13_23_27-NVIDIA-GeForce-Overlay-DT-768x347.png 768w, https:\/\/xn--schtzenverein-weckhoven-epc.de\/wp-content\/uploads\/2025\/03\/2025-03-04-13_23_27-NVIDIA-GeForce-Overlay-DT-598x270.png 598w, https:\/\/xn--schtzenverein-weckhoven-epc.de\/wp-content\/uploads\/2025\/03\/2025-03-04-13_23_27-NVIDIA-GeForce-Overlay-DT.png 1438w\" sizes=\"auto, (max-width: 1024px) 100vw, 1024px\" \/><\/figure>\n\n\n<div class=\"wp-block-image\">\n<figure class=\"aligncenter size-full\"><img loading=\"lazy\" decoding=\"async\" width=\"756\" height=\"569\" src=\"https:\/\/xn--schtzenverein-weckhoven-epc.de\/wp-content\/uploads\/2025\/03\/2025-03-04-13_25_56-NVIDIA-GeForce-Overlay-DT.png\" alt=\"\" class=\"wp-image-1670\" srcset=\"https:\/\/xn--schtzenverein-weckhoven-epc.de\/wp-content\/uploads\/2025\/03\/2025-03-04-13_25_56-NVIDIA-GeForce-Overlay-DT.png 756w, https:\/\/xn--schtzenverein-weckhoven-epc.de\/wp-content\/uploads\/2025\/03\/2025-03-04-13_25_56-NVIDIA-GeForce-Overlay-DT-300x226.png 300w, https:\/\/xn--schtzenverein-weckhoven-epc.de\/wp-content\/uploads\/2025\/03\/2025-03-04-13_25_56-NVIDIA-GeForce-Overlay-DT-359x270.png 359w\" sizes=\"auto, (max-width: 756px) 100vw, 756px\" \/><figcaption class=\"wp-element-caption\">&#8230;die Gemeinsamkeit wird gepflegt&#8230;<\/figcaption><\/figure>\n<\/div>\n\n\n<p><\/p>\n","protected":false},"excerpt":{"rendered":"<p>Die Vorreiter oder auch K\u00fcrassiere genannt, sind die \u00e4lteste Gruppe der fr\u00fchzeitlichen Kavallerie und leiten sich aus dem Wort K\u00fcrass ab, das den Brust-, und R\u00fcckenpanzer der Reiter bezeichnet. Die Bezeichnung \u201eK\u00fcrisser\u201c stand im 15. Jahrhundert f\u00fcr die vollger\u00fcsteten Ritter. Panzerreiter in Weckhoven sind eine Gruppe von drei Reitern, die an der Spitze des Regiments auf ihren Kaltbl\u00fctern reiten. Dabei handelt es sich um zwei K\u00fcrassiere (mit goldenem K\u00fcrass, cremefarbenen Waffenrock, Raupenhelm und L\u00f6wenkopfs\u00e4bel) und einem Standartentr\u00e4ger, der im Grenadierfrack&#8230;<\/p>\n<p class=\"read-more\"><a class=\"btn btn-default\" href=\"https:\/\/xn--schtzenverein-weckhoven-epc.de\/?page_id=39\">Weiterlesen<span class=\"screen-reader-text\"> Weiterlesen<\/span><\/a><\/p>\n","protected":false},"author":2,"featured_media":0,"parent":19,"menu_order":1,"comment_status":"closed","ping_status":"closed","template":"","meta":{"_mc_calendar":[],"footnotes":""},"class_list":["post-39","page","type-page","status-publish","hentry"],"_links":{"self":[{"href":"https:\/\/xn--schtzenverein-weckhoven-epc.de\/index.php?rest_route=\/wp\/v2\/pages\/39","targetHints":{"allow":["GET"]}}],"collection":[{"href":"https:\/\/xn--schtzenverein-weckhoven-epc.de\/index.php?rest_route=\/wp\/v2\/pages"}],"about":[{"href":"https:\/\/xn--schtzenverein-weckhoven-epc.de\/index.php?rest_route=\/wp\/v2\/types\/page"}],"author":[{"embeddable":true,"href":"https:\/\/xn--schtzenverein-weckhoven-epc.de\/index.php?rest_route=\/wp\/v2\/users\/2"}],"replies":[{"embeddable":true,"href":"https:\/\/xn--schtzenverein-weckhoven-epc.de\/index.php?rest_route=%2Fwp%2Fv2%2Fcomments&post=39"}],"version-history":[{"count":15,"href":"https:\/\/xn--schtzenverein-weckhoven-epc.de\/index.php?rest_route=\/wp\/v2\/pages\/39\/revisions"}],"predecessor-version":[{"id":1678,"href":"https:\/\/xn--schtzenverein-weckhoven-epc.de\/index.php?rest_route=\/wp\/v2\/pages\/39\/revisions\/1678"}],"up":[{"embeddable":true,"href":"https:\/\/xn--schtzenverein-weckhoven-epc.de\/index.php?rest_route=\/wp\/v2\/pages\/19"}],"wp:attachment":[{"href":"https:\/\/xn--schtzenverein-weckhoven-epc.de\/index.php?rest_route=%2Fwp%2Fv2%2Fmedia&parent=39"}],"curies":[{"name":"wp","href":"https:\/\/api.w.org\/{rel}","templated":true}]}}

<div class="wp-block-group is-content-justification-right is-nowrap is-layout-flex wp-container-core-group-is-layout-fd526d70 wp-block-group-is-layout-flex">
<figure class="wp-block-image size-full is-resized"><img loading="lazy" decoding="async" width="364" height="368" src="https://xn--schtzenverein-weckhoven-epc.de/wp-content/uploads/2025/03/2025-03-04-13_29_26-NVIDIA-GeForce-Overlay-DT.png" alt="" class="wp-image-1675" style="width:184px;height:auto" srcset="https://xn--schtzenverein-weckhoven-epc.de/wp-content/uploads/2025/03/2025-03-04-13_29_26-NVIDIA-GeForce-Overlay-DT.png 364w, https://xn--schtzenverein-weckhoven-epc.de/wp-content/uploads/2025/03/2025-03-04-13_29_26-NVIDIA-GeForce-Overlay-DT-297x300.png 297w, https://xn--schtzenverein-weckhoven-epc.de/wp-content/uploads/2025/03/2025-03-04-13_29_26-NVIDIA-GeForce-Overlay-DT-267x270.png 267w" sizes="auto, (max-width: 364px) 100vw, 364px" /></figure>
</div>



<figure class="wp-block-image size-large"><img loading="lazy" decoding="async" width="1024" height="794" src="https://xn--schtzenverein-weckhoven-epc.de/wp-content/uploads/2025/03/Vorreiter-Achim-Werner-Uwe-Joohannes-Dieter-5-1024x794.jpg" alt="" class="wp-image-1667" srcset="https://xn--schtzenverein-weckhoven-epc.de/wp-content/uploads/2025/03/Vorreiter-Achim-Werner-Uwe-Joohannes-Dieter-5-1024x794.jpg 1024w, https://xn--schtzenverein-weckhoven-epc.de/wp-content/uploads/2025/03/Vorreiter-Achim-Werner-Uwe-Joohannes-Dieter-5-300x233.jpg 300w, https://xn--schtzenverein-weckhoven-epc.de/wp-content/uploads/2025/03/Vorreiter-Achim-Werner-Uwe-Joohannes-Dieter-5-768x596.jpg 768w, https://xn--schtzenverein-weckhoven-epc.de/wp-content/uploads/2025/03/Vorreiter-Achim-Werner-Uwe-Joohannes-Dieter-5-1536x1192.jpg 1536w, https://xn--schtzenverein-weckhoven-epc.de/wp-content/uploads/2025/03/Vorreiter-Achim-Werner-Uwe-Joohannes-Dieter-5-2048x1589.jpg 2048w, https://xn--schtzenverein-weckhoven-epc.de/wp-content/uploads/2025/03/Vorreiter-Achim-Werner-Uwe-Joohannes-Dieter-5-348x270.jpg 348w" sizes="auto, (max-width: 1024px) 100vw, 1024px" /><figcaption class="wp-element-caption">von links nach rechts: Achim Moll, Werner Hartmann , Uwe Benthin, Johannes Gehmann, Dieter Moll</figcaption></figure>



<p>Die <strong>Vorreiter oder auch Kürassiere</strong> genannt, sind die älteste Gruppe der frühzeitlichen Kavallerie und leiten sich aus dem Wort Kürass ab, das den Brust-, und Rückenpanzer der Reiter bezeichnet. Die Bezeichnung „Kürisser“ stand im 15. Jahrhundert für die vollgerüsteten Ritter. Panzerreiter in Weckhoven sind eine Gruppe von drei Reitern, die an der Spitze des Regiments auf ihren Kaltblütern reiten. Dabei handelt es sich um zwei Kürassiere (mit goldenem Kürass, cremefarbenen Waffenrock, Raupenhelm und Löwenkopfsäbel) und einem Standartenträger, der im Grenadierfrack gekleidet ist.</p>



<p><strong>1993</strong> wurde über Artillerist Rolf Stein, Martin Kluth in Erwägung gezogen eine Vorreitergruppe zu bilden. Es gab Schwierigkeiten im Vorstand, dabei spielte die Kostenfrage eine bedeutende Rolle. Dennoch riefen Martin Kluth und Alois Raspels eine Gründungsversammlung ein.</p>



<p>Daraufhin traf man sich an einem Sonntagmorgen in der Gaststätte „Zur alten Post“ und gründete die Vorreiter, zu denen Robert Schneider, Rolf Steins und Ralf Molz gewählt wurden. Die Kostenfrage wurde gelöst, einen Teil der Kosten trug der Schützenverein und der andere Teil wurde von den Vorreitern und Gönnern getragen. Somit hatten die Weckhovener Schützen Vorreiter im Schützenregiment.</p>



<p>Bis zum Jahre<strong> 1998</strong> führte Rolf Steins die Vorreiter, wonach es einen wechsel gab. Willi Pergens und Willi Spicker – Pergens wurden Kürassiere, Fahnenträger Günther Ludwigs. Die Funktion als Fahnenträger wurde schon bald durch Willi Spicker – Pergens abgelöst, der auch die Funktion als Chef der Vorreiter übernahm. An seiner Seite ritten nun Georg Krull und Hans Melzer.</p>



<p>Durch den frühen Tod von Willi Spicker – Pergens übernahm Hans Melzer <strong>2007</strong> die Vorreiter und damit auch das Amt des Vorsitzenden bis 2011. An seiner Seite ritten als Kürassiere Johannes Gehmann, Bernd Schauerte &#8211; Körling, Günter Schwittay.</p>



<p>Nach einer Neuwahl der Vorreiter wurde Günter Schwittay zum Vorreiter Chef, an seiner Seite ritten Achim Moll und Michael Klug.</p>



<p>Im Jahr <strong>2014</strong>&nbsp; lösten sich Vorreiter auf, sodass die Weckhovener Schützen im Jahr 2015 beinahe keine Vorreiter im Schützenregiment präsentieren konnten. Daraufhin suchte Achim Moll kurzerhand nach geeigneten Reitern. Er fand in seinem Reitverein Daniel Thomas, welcher sich sofort bereit erklärte. Dritter im Bunde wurde Hans Melzer.&nbsp;&nbsp;&nbsp;&nbsp;&nbsp;&nbsp;&nbsp;&nbsp;&nbsp;&nbsp;&nbsp;&nbsp;&nbsp;&nbsp;</p>



<p class="has-text-align-left">Alles begann mit großen Schwierigkeiten. Auch die Kosten waren nicht außer acht zu lassen. Diese werden durch die Vorreiter selbst, aber vor allem durch die vielen Gönner der Vorreiter getragen. Hiervon wurden neue Panzer und Helme gekauft, die dem Weckhovener Schützenverein nunmehr gehören. Gerne möchten wir uns an dieser Stelle bei allen passiven Mitgliedern für die großzügige Unterstützung bedanken.  <br>Im gleichen Jahr schlossen sich die Vorreiter dem Reitercorps Weckhoven an. Hierbei gilt ein besonderer Dank an das Reitercorps, unter der Führung von Werner Hartmann. Er hat sich stark für die Vorreiter engagiert und voller Freude diesem Zusammenschluss zugestimmt.</p>



<p>Im Jahr <strong>2017</strong> löste Uwe Benthin, Hans Melzer als Standartenträger ab. Somit waren nach drei Jahren die heutigen Vorreiter für Weckhoven gefunden. Als Ersatzreiter und viertes Mitglied haben die Vorreiter Dieter Moll in Ihren Reihen aufgenommen.</p>



<p>Mit Dieter Moll stellten somit die Vorreiter mit vollem „<em>STOLZ“</em>&nbsp; auch den Schützenpräsidenten von Weckhoven!</p>



<p>Im Jahr <strong>2022</strong> haben sich die Vorreiter wieder vom Reitercorps getrennt. Gleichzeitig hat&nbsp;&nbsp;&nbsp; Daniel Thomas die Vorreiter verlassen. Umgehend haben sich zwei neue Anwärter bereit erklärt der Vorreitergemeinschaft als Aktive beizutreten. Es sind der Ehrenreiterchef Werner Hartmann und ein altbekannter ehemaliger Vorreiter, Johannes Gehmann.</p>



<p><strong>9.Juni 2024</strong>, ein Datum, das in die Geschichte der Vorreiter eingeht. Es ist das erste Mal beim Weckhovener Schützenfest, dass sich vier Vorreiter zu Pferd präsentierten. An der Spitze Werner Hartmann, gefolgt vom Regiments-Fahnenträger. Dieser wurde links und rechts von den Kürassieren mit ihren goldglänzenden Panzer und dem strahlenden Raupenhelm eingerahmt.<br><br>Vorreiter Werner Hartmann wurde zudem an diesem Tag zum Ehrenmitglied des Weckhovener Regiments gekürt.</p>



<figure class="wp-block-image size-large"><img loading="lazy" decoding="async" width="1024" height="462" src="https://xn--schtzenverein-weckhoven-epc.de/wp-content/uploads/2025/03/2025-03-04-13_23_27-NVIDIA-GeForce-Overlay-DT-1024x462.png" alt="" class="wp-image-1669" srcset="https://xn--schtzenverein-weckhoven-epc.de/wp-content/uploads/2025/03/2025-03-04-13_23_27-NVIDIA-GeForce-Overlay-DT-1024x462.png 1024w, https://xn--schtzenverein-weckhoven-epc.de/wp-content/uploads/2025/03/2025-03-04-13_23_27-NVIDIA-GeForce-Overlay-DT-300x135.png 300w, https://xn--schtzenverein-weckhoven-epc.de/wp-content/uploads/2025/03/2025-03-04-13_23_27-NVIDIA-GeForce-Overlay-DT-768x347.png 768w, https://xn--schtzenverein-weckhoven-epc.de/wp-content/uploads/2025/03/2025-03-04-13_23_27-NVIDIA-GeForce-Overlay-DT-598x270.png 598w, https://xn--schtzenverein-weckhoven-epc.de/wp-content/uploads/2025/03/2025-03-04-13_23_27-NVIDIA-GeForce-Overlay-DT.png 1438w" sizes="auto, (max-width: 1024px) 100vw, 1024px" /></figure>


<div class="wp-block-image">
<figure class="aligncenter size-full"><img loading="lazy" decoding="async" width="756" height="569" src="https://xn--schtzenverein-weckhoven-epc.de/wp-content/uploads/2025/03/2025-03-04-13_25_56-NVIDIA-GeForce-Overlay-DT.png" alt="" class="wp-image-1670" srcset="https://xn--schtzenverein-weckhoven-epc.de/wp-content/uploads/2025/03/2025-03-04-13_25_56-NVIDIA-GeForce-Overlay-DT.png 756w, https://xn--schtzenverein-weckhoven-epc.de/wp-content/uploads/2025/03/2025-03-04-13_25_56-NVIDIA-GeForce-Overlay-DT-300x226.png 300w, https://xn--schtzenverein-weckhoven-epc.de/wp-content/uploads/2025/03/2025-03-04-13_25_56-NVIDIA-GeForce-Overlay-DT-359x270.png 359w" sizes="auto, (max-width: 756px) 100vw, 756px" /><figcaption class="wp-element-caption">&#8230;die Gemeinsamkeit wird gepflegt&#8230;</figcaption></figure>
</div>


<p></p>

<p>Die Vorreiter oder auch Kürassiere genannt, sind die älteste Gruppe der frühzeitlichen Kavallerie und leiten sich aus dem Wort Kürass ab, das den Brust-, und Rückenpanzer der Reiter bezeichnet. Die Bezeichnung „Kürisser“ stand im 15. Jahrhundert für die vollgerüsteten Ritter. Panzerreiter in Weckhoven sind eine Gruppe von drei Reitern, die an der Spitze des Regiments auf ihren Kaltblütern reiten. Dabei handelt es sich um zwei Kürassiere (mit goldenem Kürass, cremefarbenen Waffenrock, Raupenhelm und Löwenkopfsäbel) und einem Standartenträger, der im Grenadierfrack&#8230;</p>
<p class="read-more"><a class="btn btn-default" href="https://xn--schtzenverein-weckhoven-epc.de/?page_id=39">Weiterlesen<span class="screen-reader-text"> Weiterlesen</span></a></p>
