{"id":23,"date":"2016-04-20T17:34:12","date_gmt":"2016-04-20T17:34:12","guid":{"rendered":"http:\/\/xn--schtzenverein-weckhoven-epc.de\/?page_id=23"},"modified":"2025-02-04T12:29:46","modified_gmt":"2025-02-04T10:29:46","slug":"vorstand","status":"publish","type":"page","link":"https:\/\/xn--schtzenverein-weckhoven-epc.de\/?page_id=23","title":{"rendered":"Vorstand"},"content":{"rendered":"\n<p>Hier finden Sie die&nbsp;den aktuellen&nbsp;Vorstand unseres Vereins. \u00dcber den e-mail link haben Sie die M\u00f6glichkeit Kontakt mit dem jeweiligen Mitglied aufzunehmen.<\/p>\n\n\n\n<table class=\"wp-block-table\"><tbody><tr><td><strong>Funkion<\/strong><\/td><td><strong>Name<\/strong><\/td><td><strong>e-mail<\/strong><\/td><\/tr><tr><td><strong>Pr\u00e4sident<\/strong><\/td><td>Johannes Steinhauer<\/td><td><a href=\"mailto:praesident@sch\u00fctzenverein-weckhoven.de\">praesident(at)sch\u00fctzenverein-weckhoven.de<\/a><\/td><\/tr><tr><td><strong>Vize-Pr\u00e4sident<\/strong><\/td><td>J\u00fcrgen Stellet<\/td><td><a href=\"mailto:vizepraesident@sch\u00fctzenverein-weckhoven.de\">vizepraesident(at)sch\u00fctzenverein-weckhoven.de<\/a><\/td><\/tr><tr><td><strong>Oberst<\/strong><\/td><td>Stefan Bilk<\/td><td><a href=\"mailto:oberst@sch\u00fctzenverein-weckhoven.de\">oberst(at)sch\u00fctzenverein-weckhoven.de<\/a><\/td><\/tr><tr><td><strong>1. Kassierer<\/strong><\/td><td> Thomas Waldhauer<\/td><td><a href=\"mailto:1kassierer@sch\u00fctzenverein-weckhoven.de\">1kassierer(at)sch\u00fctzenverein-weckhoven.de<\/a><\/td><\/tr><tr><td><strong>2. Kassierer<\/strong><\/td><td>Stefan Schmitz<\/td><td><a href=\"mailto:2kassierer@sch\u00fctzenverein-weckhoven.de\">2kassierer(at)sch\u00fctzenverein-weckhoven.de<\/a><\/td><\/tr><tr><td><strong>1. Schriftf\u00fchrer<\/strong><\/td><td>Stephan Milek<\/td><td><a href=\"mailto:1schriftfuehrer@sch\u00fctzenverein-weckhoven.de\">1schriftfuehrer(at)sch\u00fctzenverein-weckhoven.de<\/a><\/td><\/tr><tr><td><strong>2. Schriftf\u00fchrer<\/strong><\/td><td>Michael M\u00fcller<\/td><td><a href=\"mailto:2schriftfuehrer@sch\u00fctzenverein-weckhoven.de\">2schriftfuehrer(at)sch\u00fctzenverein-weckhoven.de<\/a><\/td><\/tr><tr><td><strong>Schie\u00dfmeister<\/strong><\/td><td>Harald Adolfs<\/td><td><a href=\"mailto:schiessmeister@sch\u00fctzenverein-weckhoven.de\">schiessmeister(at)sch\u00fctzenverein-weckhoven.de<\/a><\/td><\/tr><tr><td><strong>Archivar<\/strong><\/td><td>Werner Uersfeld<\/td><td><a href=\"mailto:archivar@sch\u00fctzenverein-weckhoven.de\">archivar(at)sch\u00fctzenverein-weckhoven.de<\/a><\/td><\/tr><tr><td><strong>B\u00fchnenwart<\/strong><\/td><td>N.N.<\/td><td><a href=\"mailto:buehnenwart@sch\u00fctzenverein-weckhoven.de\">buehnenwart(at)sch\u00fctzenverein-weckhoven.de<\/a><\/td><\/tr><tr><td><strong>Presse \/ Webmaster<\/strong><\/td><td>Jonas Sickel<\/td><td><a href=\"mailto:Webmaster@sch\u00fctzenverein-weckhoven.de\">Webmaster(at)sch\u00fctzenverein-weckhoven.de<\/a><\/td><\/tr><tr><td><strong>Jugendbetreuerin<\/strong><\/td><td>Carina Runge<\/td><td><a href=\"<\/a\"><\/a><\/td><\/tr><\/tbody><\/table>\n\n\n\n<p><\/p>\n","protected":false},"excerpt":{"rendered":"<p>Hier finden Sie die&nbsp;den aktuellen&nbsp;Vorstand unseres Vereins. \u00dcber den e-mail link haben Sie die M\u00f6glichkeit Kontakt mit dem jeweiligen Mitglied aufzunehmen. Funkion Name e-mail Pr\u00e4sident Johannes Steinhauer praesident(at)sch\u00fctzenverein-weckhoven.de Vize-Pr\u00e4sident J\u00fcrgen Stellet vizepraesident(at)sch\u00fctzenverein-weckhoven.de Oberst Stefan Bilk oberst(at)sch\u00fctzenverein-weckhoven.de 1. Kassierer Thomas Waldhauer 1kassierer(at)sch\u00fctzenverein-weckhoven.de 2. Kassierer Stefan Schmitz 2kassierer(at)sch\u00fctzenverein-weckhoven.de 1. Schriftf\u00fchrer Stephan Milek 1schriftfuehrer(at)sch\u00fctzenverein-weckhoven.de 2. Schriftf\u00fchrer Michael M\u00fcller 2schriftfuehrer(at)sch\u00fctzenverein-weckhoven.de Schie\u00dfmeister Harald Adolfs schiessmeister(at)sch\u00fctzenverein-weckhoven.de Archivar Werner Uersfeld archivar(at)sch\u00fctzenverein-weckhoven.de B\u00fchnenwart N.N. buehnenwart(at)sch\u00fctzenverein-weckhoven.de Presse \/ Webmaster Jonas Sickel Webmaster(at)sch\u00fctzenverein-weckhoven.de Jugendbetreuerin Carina Runge<\/p>\n","protected":false},"author":2,"featured_media":0,"parent":0,"menu_order":5,"comment_status":"closed","ping_status":"closed","template":"","meta":{"_mc_calendar":[],"footnotes":""},"class_list":["post-23","page","type-page","status-publish","hentry"],"_links":{"self":[{"href":"https:\/\/xn--schtzenverein-weckhoven-epc.de\/index.php?rest_route=\/wp\/v2\/pages\/23","targetHints":{"allow":["GET"]}}],"collection":[{"href":"https:\/\/xn--schtzenverein-weckhoven-epc.de\/index.php?rest_route=\/wp\/v2\/pages"}],"about":[{"href":"https:\/\/xn--schtzenverein-weckhoven-epc.de\/index.php?rest_route=\/wp\/v2\/types\/page"}],"author":[{"embeddable":true,"href":"https:\/\/xn--schtzenverein-weckhoven-epc.de\/index.php?rest_route=\/wp\/v2\/users\/2"}],"replies":[{"embeddable":true,"href":"https:\/\/xn--schtzenverein-weckhoven-epc.de\/index.php?rest_route=%2Fwp%2Fv2%2Fcomments&post=23"}],"version-history":[{"count":31,"href":"https:\/\/xn--schtzenverein-weckhoven-epc.de\/index.php?rest_route=\/wp\/v2\/pages\/23\/revisions"}],"predecessor-version":[{"id":1628,"href":"https:\/\/xn--schtzenverein-weckhoven-epc.de\/index.php?rest_route=\/wp\/v2\/pages\/23\/revisions\/1628"}],"wp:attachment":[{"href":"https:\/\/xn--schtzenverein-weckhoven-epc.de\/index.php?rest_route=%2Fwp%2Fv2%2Fmedia&parent=23"}],"curies":[{"name":"wp","href":"https:\/\/api.w.org\/{rel}","templated":true}]}}