{"id":875,"date":"2018-05-06T17:30:25","date_gmt":"2018-05-06T17:30:25","guid":{"rendered":"http:\/\/xn--schtzenverein-weckhoven-epc.de\/wp-content\/uploads\/2018\/05\/Sch\u00fctzenk\u00f6nig-Thomas-III.-Rei\u00df.jpg"},"modified":"2018-05-06T17:30:25","modified_gmt":"2018-05-06T17:30:25","slug":"schuetzenkoenig-thomas-iii-reiss","status":"inherit","type":"attachment","link":"https:\/\/xn--schtzenverein-weckhoven-epc.de\/?attachment_id=875","title":{"rendered":"Sch\u00fctzenk\u00f6nig Thomas III. Rei\u00df"},"author":2,"featured_media":0,"comment_status":"closed","ping_status":"closed","template":"","meta":[],"class_list":["post-875","attachment","type-attachment","status-inherit","hentry"],"description":{"rendered":"<p class=\"attachment\"><a href='https:\/\/xn--schtzenverein-weckhoven-epc.de\/wp-content\/uploads\/2018\/05\/Sch\u00fctzenk\u00f6nig-Thomas-III.-Rei\u00df.jpg'><img loading=\"lazy\" decoding=\"async\" width=\"225\" height=\"300\" src=\"https:\/\/xn--schtzenverein-weckhoven-epc.de\/wp-content\/uploads\/2018\/05\/Sch\u00fctzenk\u00f6nig-Thomas-III.-Rei\u00df-225x300.jpg\" class=\"attachment-medium size-medium\" alt=\"\" srcset=\"https:\/\/xn--schtzenverein-weckhoven-epc.de\/wp-content\/uploads\/2018\/05\/Sch\u00fctzenk\u00f6nig-Thomas-III.-Rei\u00df-225x300.jpg 225w, https:\/\/xn--schtzenverein-weckhoven-epc.de\/wp-content\/uploads\/2018\/05\/Sch\u00fctzenk\u00f6nig-Thomas-III.-Rei\u00df-768x1024.jpg 768w, https:\/\/xn--schtzenverein-weckhoven-epc.de\/wp-content\/uploads\/2018\/05\/Sch\u00fctzenk\u00f6nig-Thomas-III.-Rei\u00df-203x270.jpg 203w\" sizes=\"auto, (max-width: 225px) 100vw, 225px\" \/><\/a><\/p>\n"},"caption":{"rendered":""},"alt_text":"","media_type":"image","mime_type":"image\/jpeg","media_details":{"width":3024,"height":4032,"file":"2018\/05\/Sch\u00fctzenk\u00f6nig-Thomas-III.-Rei\u00df.jpg","sizes":{"thumbnail":{"file":"Sch\u00fctzenk\u00f6nig-Thomas-III.-Rei\u00df-150x150.jpg","width":150,"height":150,"mime_type":"image\/jpeg","source_url":"https:\/\/xn--schtzenverein-weckhoven-epc.de\/wp-content\/uploads\/2018\/05\/Sch\u00fctzenk\u00f6nig-Thomas-III.-Rei\u00df-150x150.jpg"},"medium":{"file":"Sch\u00fctzenk\u00f6nig-Thomas-III.-Rei\u00df-225x300.jpg","width":225,"height":300,"mime_type":"image\/jpeg","source_url":"https:\/\/xn--schtzenverein-weckhoven-epc.de\/wp-content\/uploads\/2018\/05\/Sch\u00fctzenk\u00f6nig-Thomas-III.-Rei\u00df-225x300.jpg"},"medium_large":{"file":"Sch\u00fctzenk\u00f6nig-Thomas-III.-Rei\u00df-768x1024.jpg","width":768,"height":1024,"mime_type":"image\/jpeg","source_url":"https:\/\/xn--schtzenverein-weckhoven-epc.de\/wp-content\/uploads\/2018\/05\/Sch\u00fctzenk\u00f6nig-Thomas-III.-Rei\u00df-768x1024.jpg"},"large":{"file":"Sch\u00fctzenk\u00f6nig-Thomas-III.-Rei\u00df-768x1024.jpg","width":768,"height":1024,"mime_type":"image\/jpeg","source_url":"https:\/\/xn--schtzenverein-weckhoven-epc.de\/wp-content\/uploads\/2018\/05\/Sch\u00fctzenk\u00f6nig-Thomas-III.-Rei\u00df-768x1024.jpg"},"post-thumbnail":{"file":"Sch\u00fctzenk\u00f6nig-Thomas-III.-Rei\u00df-203x270.jpg","width":203,"height":270,"mime_type":"image\/jpeg","source_url":"https:\/\/xn--schtzenverein-weckhoven-epc.de\/wp-content\/uploads\/2018\/05\/Sch\u00fctzenk\u00f6nig-Thomas-III.-Rei\u00df-203x270.jpg"},"nisarg-full-width":{"file":"Sch\u00fctzenk\u00f6nig-Thomas-III.-Rei\u00df-1038x576.jpg","width":1038,"height":576,"mime_type":"image\/jpeg","source_url":"https:\/\/xn--schtzenverein-weckhoven-epc.de\/wp-content\/uploads\/2018\/05\/Sch\u00fctzenk\u00f6nig-Thomas-III.-Rei\u00df-1038x576.jpg"},"full":{"file":"Sch\u00fctzenk\u00f6nig-Thomas-III.-Rei\u00df.jpg","width":3024,"height":4032,"mime_type":"image\/jpeg","source_url":"https:\/\/xn--schtzenverein-weckhoven-epc.de\/wp-content\/uploads\/2018\/05\/Sch\u00fctzenk\u00f6nig-Thomas-III.-Rei\u00df.jpg"}},"image_meta":{"aperture":"1.8","credit":"","camera":"iPhone 8","caption":"","created_timestamp":"1525544202","copyright":"","focal_length":"3.99","iso":"20","shutter_speed":"0.0032679738562092","title":"","orientation":"1","keywords":[]}},"post":869,"source_url":"https:\/\/xn--schtzenverein-weckhoven-epc.de\/wp-content\/uploads\/2018\/05\/Sch\u00fctzenk\u00f6nig-Thomas-III.-Rei\u00df.jpg","_links":{"self":[{"href":"https:\/\/xn--schtzenverein-weckhoven-epc.de\/index.php?rest_route=\/wp\/v2\/media\/875","targetHints":{"allow":["GET"]}}],"collection":[{"href":"https:\/\/xn--schtzenverein-weckhoven-epc.de\/index.php?rest_route=\/wp\/v2\/media"}],"about":[{"href":"https:\/\/xn--schtzenverein-weckhoven-epc.de\/index.php?rest_route=\/wp\/v2\/types\/attachment"}],"author":[{"embeddable":true,"href":"https:\/\/xn--schtzenverein-weckhoven-epc.de\/index.php?rest_route=\/wp\/v2\/users\/2"}],"replies":[{"embeddable":true,"href":"https:\/\/xn--schtzenverein-weckhoven-epc.de\/index.php?rest_route=%2Fwp%2Fv2%2Fcomments&post=875"}],"wp:attached-to":[{"embeddable":true,"post_type":"post","id":869,"href":"https:\/\/xn--schtzenverein-weckhoven-epc.de\/index.php?rest_route=\/wp\/v2\/posts\/869"}],"curies":[{"name":"wp","href":"https:\/\/api.w.org\/{rel}","templated":true}]}}

http://xn--schtzenverein-weckhoven-epc.de/wp-content/uploads/2018/05/Schützenkönig-Thomas-III.-Reiß.jpg

Schützenkönig Thomas III. Reiß

<p class="attachment"><a href='https://xn--schtzenverein-weckhoven-epc.de/wp-content/uploads/2018/05/Schützenkönig-Thomas-III.-Reiß.jpg'><img loading="lazy" decoding="async" width="225" height="300" src="https://xn--schtzenverein-weckhoven-epc.de/wp-content/uploads/2018/05/Schützenkönig-Thomas-III.-Reiß-225x300.jpg" class="attachment-medium size-medium" alt="" srcset="https://xn--schtzenverein-weckhoven-epc.de/wp-content/uploads/2018/05/Schützenkönig-Thomas-III.-Reiß-225x300.jpg 225w, https://xn--schtzenverein-weckhoven-epc.de/wp-content/uploads/2018/05/Schützenkönig-Thomas-III.-Reiß-768x1024.jpg 768w, https://xn--schtzenverein-weckhoven-epc.de/wp-content/uploads/2018/05/Schützenkönig-Thomas-III.-Reiß-203x270.jpg 203w" sizes="auto, (max-width: 225px) 100vw, 225px" /></a></p>

2018/05/Schützenkönig-Thomas-III.-Reiß.jpg

Schützenkönig-Thomas-III.-Reiß-150x150.jpg

https://xn--schtzenverein-weckhoven-epc.de/wp-content/uploads/2018/05/Schützenkönig-Thomas-III.-Reiß-150x150.jpg

Schützenkönig-Thomas-III.-Reiß-225x300.jpg

https://xn--schtzenverein-weckhoven-epc.de/wp-content/uploads/2018/05/Schützenkönig-Thomas-III.-Reiß-225x300.jpg

Schützenkönig-Thomas-III.-Reiß-768x1024.jpg

https://xn--schtzenverein-weckhoven-epc.de/wp-content/uploads/2018/05/Schützenkönig-Thomas-III.-Reiß-768x1024.jpg

Schützenkönig-Thomas-III.-Reiß-203x270.jpg

https://xn--schtzenverein-weckhoven-epc.de/wp-content/uploads/2018/05/Schützenkönig-Thomas-III.-Reiß-203x270.jpg

Schützenkönig-Thomas-III.-Reiß-1038x576.jpg

https://xn--schtzenverein-weckhoven-epc.de/wp-content/uploads/2018/05/Schützenkönig-Thomas-III.-Reiß-1038x576.jpg

Schützenkönig-Thomas-III.-Reiß.jpg

https://xn--schtzenverein-weckhoven-epc.de/wp-content/uploads/2018/05/Schützenkönig-Thomas-III.-Reiß.jpg
